{"version":"1.0","provider_name":"Paz y Esperanza Ecuador","provider_url":"https:\/\/www.pazyesperanza.org\/ec","author_name":"dalitopia","author_url":"https:\/\/www.pazyesperanza.org\/ec\/author\/dalitopia\/","title":"Inicio - Paz y Esperanza Ecuador","type":"rich","width":600,"height":338,"html":"<blockquote class=\"wp-embedded-content\" data-secret=\"ObTMjozMw6\"><a href=\"https:\/\/www.pazyesperanza.org\/ec\/\">Inicio<\/a><\/blockquote><iframe sandbox=\"allow-scripts\" security=\"restricted\" src=\"https:\/\/www.pazyesperanza.org\/ec\/embed\/#?secret=ObTMjozMw6\" width=\"600\" height=\"338\" title=\"&#8220;Inicio&#8221; &#8212; Paz y Esperanza Ecuador\" data-secret=\"ObTMjozMw6\" frameborder=\"0\" marginwidth=\"0\" marginheight=\"0\" scrolling=\"no\" class=\"wp-embedded-content\"><\/iframe><script type=\"text\/javascript\">\n\/* <![CDATA[ *\/\n\/*! This file is auto-generated *\/\n!function(d,l){\"use strict\";l.querySelector&&d.addEventListener&&\"undefined\"!=typeof URL&&(d.wp=d.wp||{},d.wp.receiveEmbedMessage||(d.wp.receiveEmbedMessage=function(e){var t=e.data;if((t||t.secret||t.message||t.value)&&!\/[^a-zA-Z0-9]\/.test(t.secret)){for(var s,r,n,a=l.querySelectorAll('iframe[data-secret=\"'+t.secret+'\"]'),o=l.querySelectorAll('blockquote[data-secret=\"'+t.secret+'\"]'),c=new RegExp(\"^https?:$\",\"i\"),i=0;i<o.length;i++)o[i].style.display=\"none\";for(i=0;i<a.length;i++)s=a[i],e.source===s.contentWindow&&(s.removeAttribute(\"style\"),\"height\"===t.message?(1e3<(r=parseInt(t.value,10))?r=1e3:~~r<200&&(r=200),s.height=r):\"link\"===t.message&&(r=new URL(s.getAttribute(\"src\")),n=new URL(t.value),c.test(n.protocol))&&n.host===r.host&&l.activeElement===s&&(d.top.location.href=t.value))}},d.addEventListener(\"message\",d.wp.receiveEmbedMessage,!1),l.addEventListener(\"DOMContentLoaded\",function(){for(var e,t,s=l.querySelectorAll(\"iframe.wp-embedded-content\"),r=0;r<s.length;r++)(t=(e=s[r]).getAttribute(\"data-secret\"))||(t=Math.random().toString(36).substring(2,12),e.src+=\"#?secret=\"+t,e.setAttribute(\"data-secret\",t)),e.contentWindow.postMessage({message:\"ready\",secret:t},\"*\")},!1)))}(window,document);\n\/\/# sourceURL=https:\/\/www.pazyesperanza.org\/ec\/wp-includes\/js\/wp-embed.min.js\n\/* ]]> *\/\n<\/script>\n","description":"[vc_row css=&#8221;.vc_custom_1614212196410{margin-top: -300px !important;}&#8221;][vc_column][vc_empty_space][\/vc_column][\/vc_row][vc_row full_width=&#8221;stretch_row_content_no_spaces&#8221;][vc_column width=&#8221;1\/3&#8243;][\/vc_column][vc_column width=&#8221;1\/3&#8243;][\/vc_column][vc_column width=&#8221;1\/3&#8243;][\/vc_column][\/vc_row][vc_row full_width=&#8221;stretch_row&#8221; css=&#8221;.vc_custom_1477326815713{background-color: #ffffff !important;}&#8221;][vc_column][vc_empty_space][vc_row_inner][vc_column_inner width=&#8221;1\/3&#8243;][vc_column_text] Se parte del cambio [\/vc_column_text][vc_btn title=&#8221;Dona ahora&#8221; style=&#8221;flat&#8221; shape=&#8221;square&#8221; color=&#8221;green&#8221; size=&#8221;lg&#8221; align=&#8221;center&#8221; button_block=&#8221;true&#8221; link=&#8221;url:https%3A%2F%2Fwww.pazyesperanza.org%2Fec%2Fdonar%2F|title:Donar||&#8221;][\/vc_column_inner][vc_column_inner width=&#8221;2\/3&#8243;][vc_column_text]Somos una organizaci\u00f3n que trabaja junto a las poblaciones marginadas en Latino Am\u00e9rica, para que sean libres de distintas formas de violencia e injusticia.[\/vc_column_text][\/vc_column_inner][\/vc_row_inner][vc_empty_space][\/vc_column][\/vc_row][vc_row full_width=&#8221;stretch_row&#8221; css=&#8221;.vc_custom_1499114570399{background-color: #f7f7f7 !important;}&#8221; el_id=&#8221;z-index&#8221;][vc_column][vc_empty_space][vc_row_inner][vc_column_inner][vc_column_text] Novedades [\/vc_column_text][\/vc_column_inner][\/vc_row_inner][vc_empty_space height=&#8221;60px&#8221;][\/vc_column][\/vc_row][vc_row full_width=&#8221;stretch_row_content_no_spaces&#8221; el_class=&#8221;padding-tb45&#8243; css=&#8221;.vc_custom_1614212257937{background-position: center !important;background-repeat: no-repeat !important;background-size: cover !important;}&#8221; el_id=&#8221;acheivements&#8221;][vc_column width=&#8221;1\/3&#8243;][\/vc_column][vc_column width=&#8221;1\/3&#8243;][\/vc_column][vc_column width=&#8221;1\/3&#8243; el_class=&#8221;parallax-text-block&#8221;][vc_column_text] Logros recientes Red de Pastores, pastoras e iglesias por la construcci\u00f3n de la paz y la reconciliaci\u00f3n de Am\u00e9rica Latina, Ecuador 2025. En el marco del I encuentro de la Red de pastores e iglesias, se logr\u00f3 realizar un diagnostico situacional para alentar las medidas de prevenci\u00f3n dentro de las comunidades en el noroeste de la ciudad. Las ONG\u00b4s han venido transformando su servicio hacia acciones preventivas que ayuden a las comunidades que viven en estos sectores a manifestar sus preocupaciones para lograr un entendimiento y una planificaci\u00f3n de actividades que puedan promover una cultura de paz, de bienestar y reducir al m\u00ednimo las incidencias en las familias que habitan estos sectores.[\/vc_column_text][\/vc_column][\/vc_row][vc_row][vc_column width=&#8221;1\/3&#8243;][vc_empty_space][vc_column_text] Este mes Nuestra gratitud a: [\/vc_column_text][vc_empty_space][\/vc_column][vc_column width=&#8221;1\/6&#8243; el_class=&#8221;logo-carousel&#8221;][vc_single_image image=&#8221;1944&#8243;][\/vc_column][vc_column width=&#8221;1\/6&#8243;][vc_single_image image=&#8221;1945&#8243;][\/vc_column][vc_column width=&#8221;1\/6&#8243;][\/vc_column][vc_column width=&#8221;1\/6&#8243;][\/vc_column][\/vc_row][vc_row full_width=&#8221;stretch_row&#8221; el_class=&#8221;accent-bg&#8221;][vc_column][vc_column_text] Se parte del cambio Participa [\/vc_column_text][\/vc_column][\/vc_row]"}

[vc_row css=&#8221;.vc_custom_1614212196410{margin-top: -300px !important;}&#8221;][vc_column][vc_empty_space][/vc_column][/vc_row][vc_row full_width=&#8221;stretch_row_content_no_spaces&#8221;][vc_column width=&#8221;1/3&#8243;][/vc_column][vc_column width=&#8221;1/3&#8243;][/vc_column][vc_column width=&#8221;1/3&#8243;][/vc_column][/vc_row][vc_row full_width=&#8221;stretch_row&#8221; css=&#8221;.vc_custom_1477326815713{background-color: #ffffff !important;}&#8221;][vc_column][vc_empty_space][vc_row_inner][vc_column_inner width=&#8221;1/3&#8243;][vc_column_text] Se parte del cambio [/vc_column_text][vc_btn title=&#8221;Dona ahora&#8221; style=&#8221;flat&#8221; shape=&#8221;square&#8221; color=&#8221;green&#8221; size=&#8221;lg&#8221; align=&#8221;center&#8221; button_block=&#8221;true&#8221; link=&#8221;url:https%3A%2F%2Fwww.pazyesperanza.org%2Fec%2Fdonar%2F|title:Donar||&#8221;][/vc_column_inner][vc_column_inner width=&#8221;2/3&#8243;][vc_column_text]Somos una organización que trabaja junto a las poblaciones marginadas en Latino América, para que sean libres de distintas formas de violencia e injusticia.[/vc_column_text][/vc_column_inner][/vc_row_inner][vc_empty_space][/vc_column][/vc_row][vc_row full_width=&#8221;stretch_row&#8221; css=&#8221;.vc_custom_1499114570399{background-color: #f7f7f7 !important;}&#8221; el_id=&#8221;z-index&#8221;][vc_column][vc_empty_space][vc_row_inner][vc_column_inner][vc_column_text] Novedades [/vc_column_text][/vc_column_inner][/vc_row_inner][vc_empty_space height=&#8221;60px&#8221;][/vc_column][/vc_row][vc_row full_width=&#8221;stretch_row_content_no_spaces&#8221; el_class=&#8221;padding-tb45&#8243; css=&#8221;.vc_custom_1614212257937{background-position: center !important;background-repeat: no-repeat !important;background-size: cover !important;}&#8221; el_id=&#8221;acheivements&#8221;][vc_column width=&#8221;1/3&#8243;][/vc_column][vc_column width=&#8221;1/3&#8243;][/vc_column][vc_column width=&#8221;1/3&#8243; el_class=&#8221;parallax-text-block&#8221;][vc_column_text] Logros recientes Red de Pastores, pastoras e iglesias por la construcción de la paz y la reconciliación de América Latina, Ecuador 2025. En el marco del I encuentro de la Red de pastores e iglesias, se logró realizar un diagnostico situacional para alentar las medidas de prevención dentro de las comunidades en el noroeste de la ciudad. Las ONG´s han venido transformando su servicio hacia acciones preventivas que ayuden a las comunidades que viven en estos sectores a manifestar sus preocupaciones para lograr un entendimiento y una planificación de actividades que puedan promover una cultura de paz, de bienestar y reducir al mínimo las incidencias en las familias que habitan estos sectores.[/vc_column_text][/vc_column][/vc_row][vc_row][vc_column width=&#8221;1/3&#8243;][vc_empty_space][vc_column_text] Este mes Nuestra gratitud a: [/vc_column_text][vc_empty_space][/vc_column][vc_column width=&#8221;1/6&#8243; el_class=&#8221;logo-carousel&#8221;][vc_single_image image=&#8221;1944&#8243;][/vc_column][vc_column width=&#8221;1/6&#8243;][vc_single_image image=&#8221;1945&#8243;][/vc_column][vc_column width=&#8221;1/6&#8243;][/vc_column][vc_column width=&#8221;1/6&#8243;][/vc_column][/vc_row][vc_row full_width=&#8221;stretch_row&#8221; el_class=&#8221;accent-bg&#8221;][vc_column][vc_column_text] Se parte del cambio Participa [/vc_column_text][/vc_column][/vc_row]
