{"version":"1.0","provider_name":"Paz y Esperanza Colombia","provider_url":"https:\/\/www.pazyesperanza.org\/co","author_name":"admin-co","author_url":"https:\/\/www.pazyesperanza.org\/co\/author\/co\/","title":"Cesar Augusto Villanueva Tabares - Paz y Esperanza Colombia","type":"rich","width":600,"height":338,"html":"<blockquote class=\"wp-embedded-content\" data-secret=\"Dlfok6ipuG\"><a href=\"https:\/\/www.pazyesperanza.org\/co\/team\/cesar-augusto-villanueva-tabares\/\">Cesar Augusto Villanueva Tabares<\/a><\/blockquote><iframe sandbox=\"allow-scripts\" security=\"restricted\" src=\"https:\/\/www.pazyesperanza.org\/co\/team\/cesar-augusto-villanueva-tabares\/embed\/#?secret=Dlfok6ipuG\" width=\"600\" height=\"338\" title=\"\u00abCesar Augusto Villanueva Tabares\u00bb \u2014 Paz y Esperanza Colombia\" data-secret=\"Dlfok6ipuG\" frameborder=\"0\" marginwidth=\"0\" marginheight=\"0\" scrolling=\"no\" class=\"wp-embedded-content\"><\/iframe><script type=\"text\/javascript\">\n\/* <![CDATA[ *\/\n\/*! This file is auto-generated *\/\n!function(d,l){\"use strict\";l.querySelector&&d.addEventListener&&\"undefined\"!=typeof URL&&(d.wp=d.wp||{},d.wp.receiveEmbedMessage||(d.wp.receiveEmbedMessage=function(e){var t=e.data;if((t||t.secret||t.message||t.value)&&!\/[^a-zA-Z0-9]\/.test(t.secret)){for(var s,r,n,a=l.querySelectorAll('iframe[data-secret=\"'+t.secret+'\"]'),o=l.querySelectorAll('blockquote[data-secret=\"'+t.secret+'\"]'),c=new RegExp(\"^https?:$\",\"i\"),i=0;i<o.length;i++)o[i].style.display=\"none\";for(i=0;i<a.length;i++)s=a[i],e.source===s.contentWindow&&(s.removeAttribute(\"style\"),\"height\"===t.message?(1e3<(r=parseInt(t.value,10))?r=1e3:~~r<200&&(r=200),s.height=r):\"link\"===t.message&&(r=new URL(s.getAttribute(\"src\")),n=new URL(t.value),c.test(n.protocol))&&n.host===r.host&&l.activeElement===s&&(d.top.location.href=t.value))}},d.addEventListener(\"message\",d.wp.receiveEmbedMessage,!1),l.addEventListener(\"DOMContentLoaded\",function(){for(var e,t,s=l.querySelectorAll(\"iframe.wp-embedded-content\"),r=0;r<s.length;r++)(t=(e=s[r]).getAttribute(\"data-secret\"))||(t=Math.random().toString(36).substring(2,12),e.src+=\"#?secret=\"+t,e.setAttribute(\"data-secret\",t)),e.contentWindow.postMessage({message:\"ready\",secret:t},\"*\")},!1)))}(window,document);\n\/\/# sourceURL=https:\/\/www.pazyesperanza.org\/co\/wp-includes\/js\/wp-embed.min.js\n\/* ]]> *\/\n<\/script>\n","thumbnail_url":"https:\/\/www.pazyesperanza.org\/co\/wp-content\/uploads\/sites\/10\/2018\/03\/Cesar.jpg","thumbnail_width":399,"thumbnail_height":476,"description":"Psic\u00f3logo, especialista en familia y Magister en Terapia de Familia, con 25 a\u00f1os de experiencia en consulta y atenci\u00f3n a poblaci\u00f3n en vulnerabilidad, con 10 a\u00f1os de experiencia interviniendo a los ni\u00f1os y ni\u00f1as de la Fundaci\u00f3n Brazos Abiertos, tambi\u00e9n como director operativo de la misma instituci\u00f3n. Docente del Seminario B\u00edblico de Colombia, en el programa de extensi\u00f3n por m\u00e1s de 10 a\u00f1os, docente de las Sociedades B\u00edblicas de Colombia en varias ciudades del pa\u00eds. Actualmente realizo consulta particular y docencia en la facultad de psicolog\u00eda en la Universidad Nacional Abierta y a Distancia."}

Psicólogo, especialista en familia y Magister en Terapia de Familia, con 25 años de experiencia en consulta y atención a población en vulnerabilidad, con 10 años de experiencia interviniendo a los niños y niñas de la Fundación Brazos Abiertos, también como director operativo de la misma institución. Docente del Seminario Bíblico de Colombia, en el programa de extensión por más de 10 años, docente de las Sociedades Bíblicas de Colombia en varias ciudades del país. Actualmente realizo consulta particular y docencia en la facultad de psicología en la Universidad Nacional Abierta y a Distancia.
